 36560 is divided by 1411.
1285
Calculate the remainder when 42216 is divided by 8239.
1021
Calculate the remainder when 8765 is divided by 2902.
59
Calculate the remainder when 2473501 is divided by 32546.
5
Calculate the remainder when 1474422 is divided by 123.
21
Calculate the remainder when 499384 is divided by 166332.
388
What is the remainder when 218394 is divided by 9925?
44
Calculate the remainder when 4076 is divided by 196.
156
What is the remainder when 31273 is divided by 4766?
2677
Calculate the remainder when 691023 is divided by 2494.
185
What is the remainder when 581260 is divided by 1944?
4
What is the remainder when 1871823 is divided by 1309?
1262
Calculate the remainder when 1576965 is divided by 426.
339
Calculate the remainder when 594115642 is divided by 5.
2
What is the remainder when 952137 is divided by 2013?
2001
What is the remainder when 29113 is divided by 4092?
469
What is the remainder when 503145 is divided by 662?
25
Calculate the remainder when 77150875 is divided by 15.
10
Calculate the remainder when 250845649 is divided by 41.
23
What is the remainder when 1933556 is divided by 247?
40
What is the remainder when 134046 is divided by 254?
188
What is the remainder when 11483710 is divided by 11483683?
27
Calculate the remainder when 121780 is divided by 164.
92
What is the remainder when 22672303 is divided by 50?
3
Calculate the remainder when 1008216 is divided by 91635.
231
What is the remainder when 31163911 is divided by 7790960?
71
Calculate the remainder when 667251 is divided by 667245.
6
Calculate the remainder when 1887472 is divided by 392.
384
Calculate the remainder when 328710 is divided by 151.
134
Calculate the remainder when 30255267 is divided by 156763.
8
What is the remainder when 573139904 is divided by 29?
28
What is the remainder when 245242 is divided by 486?
298
Calculate the remainder when 4008920 is divided by 4008890.
30
What is the remainder when 3508574 is divided by 21?
20
What is the remainder when 8918868 is divided by 343033?
10
Calculate the remainder when 1320822 is divided by 895.
697
What is the remainder when 3391919 is divided by 1695784?
351
Calculate the remainder when 7912710 is divided by 4180.
4150
Calculate the remainder when 1325384 is divided by 147261.
35
Calculate the remainder when 1440640 is divided by 3531.
3523
Calculate the remainder when 2087291 is divided by 695757.
20
Calculate the remainder when 2112526 is divided by 211251.
16
What is the remainder when 23077934 is divided by 148?
146
What is the remainder when 273690178 is divided by 68422543?
6
Calculate the remainder when 6857955 is divided by 59.
31
What is the remainder when 66391323 is divided by 262?
261
Calculate the remainder when 3976637 is divided by 6661.
20
What is the remainder when 134384 is divided by 1208?
296
Calculate the remainder when 18355246 is divided by 1789.
106
Calculate the remainder when 34026 is divided by 2215.
801
What is the remainder when 1662758623 is divided by 93?
91
Calculate the remainder when 3341840 is divided by 402.
14
What is the remainder when 14163756 is divided by 456?
396
Calculate the remainder when 50765066 is divided by 2007.
8
Calculate the remainder when 40911197 is divided by 101769.
59
Calculate the remainder when 23063 is divided by 2266.
403
Calculate the remainder when 1256634 is divided by 1255843.
791
What is the remainder when 28046 is divided by 23550?
4496
Calculate the remainder when 1131739 is divided by 2726.
449
Calculate the remainder when 6711430 is divided by 12.
10
Calculate the remainder when 20970510 is divided by 139.
136
Calculate the remainder when 11420109 is divided by 427.
421
What is the remainder when 8797242 is divided by 2932407?
21
What is the remainder when 8704085 is divided by 1159?
1154
What is the remainder when 486318 is divided by 115?
98
Calculate the remainder when 49780 is divided by 7054.
402
Calculate the remainder when 80615 is divided by 11337.
1256
What is the remainder when 1828112 is divided by 166190?
22
Calculate the remainder when 159160 is divided by 730.
20
Calculate the remainder when 18446208 is divided by 1452.
0
What is the remainder when 4098189 is divided by 262?
247
Calculate the remainder when 38227149 is divided by 816.
813
What is the remainder when 751020 is divided by 46864?
1196
What is the remainder when 320113 is divided by 26504?
2065
Calculate the remainder when 1832559 is divided by 145.
49
What is the remainder when 14195 is divided by 13920?
275
What is the remainder when 189314 is divided by 64?
2
What is the remainder when 34290413 is divided by 16?
13
Calculate the remainder when 533022 is divided by 106414.
952
What is the remainder when 95983 is divided by 780?
43
Calculate the remainder when 661679266 is divided by 338.
326
Calculate the remainder when 194829953 is divided by 103.
97
What is the remainder when 43805 is divided by 795?
80
Calculate the remainder when 64569 is divided by 322.
169
Calculate the remainder when 28543133 is divided by 106.
89
Calculate the remainder when 17553509 is divided by 36.
17
What is the remainder when 2463742 is divided by 289?
17
What is the remainder when 5699407 is divided by 8850?
7
What is the remainder when 44692 is divided by 10777?
1584
What is the remainder when 179984 is divided by 59985?
29
What is the remainder when 996376 is divided by 6731?
188
What is the remainder when 10703794 is divided by 1964?
1958
Calculate the remainder when 2784105 is divided by 32744.
865
What is the remainder when 410887 is divided by 19?
12
What is the remainder when 554959 is divided by 77?
20
What is the remainder when 746201555 is divided by 2313?
2312
Calculate the remainder when 59216645 is divided by 2519.
2512
Calculate the remainder when 665954 is divided by 1876.
1850
What is the remainder when 390962 is divided by 4648?
530
Calculate the remainder when 11602817 is divided by 91.
44
Calculate the remainder when 11586734 is divided by 5793355.
24
What is the remainder when 40724 is divided by 2122?
406
What is the remainder when 17249743 is divided by 19?
4
Calculate the remainder when 2766959 is divided by 31.
23
What is the remainder when 54451600 is divided by 72?
16
Calculate the remainder when 662225 is divided by 12.
5
What is the remainder when 172434 is divided by 10704?
1170
Calculate the remainder when 8164554 is divided by 64798.
6
What is the remainder when 8331634 is divided by 2777207?
13
Calculate the remainder when 304653 is divided by 7264.
6829
Calculate the remainder when 4582362 is divided by 218.
2
Calculate the remainder when 63232153 is divided by 21077364.
61
Calculate the remainder when 9007234 is divided by 141.
13
What is the remainder when 15668 is divided by 2502?
656
Calculate the remainder when 103302 is divided by 132.
78
Calculate the remainder when 343053 is divided by 5385.
3798
What is the remainder when 54752 is divided by 647?
404
What is the remainder when 3995600 is divided by 357?
56
Calculate the remainder when 13853347 is divided by 15.
7
What is the remainder when 101686 is divided by 218?
98
What is the remainder when 45536 is divided by 25?
11
What is the remainder when 674819 is divided by 24992?
35
Calculate the remainder when 1657301 is divided by 1.
0
What is the remainder when 11362066 is divided by 78902?
178
Calculate the remainder when 196251 is divided by 1326.
3
What is the remainder when 28339440 is divided by 3527?
3522
Calculate the remainder when 28175770 is divided by 9417.
106
What is the remainder when 1112748 is divided by 1886?
8
What is the remainder when 9144094 is divided by 11289?
4
Calculate the remainder when 9708304 is divided by 470.
454
What is the remainder when 29661253 is divided by 20456?
53
Calculate the remainder when 715475 is divided by 158.
51
What is the remainder when 10504926 is divided by 3475?
1
Calculate the remainder when 9256011 is divided by 785.
76
What is the remainder when 26485 is divided by 5164?
665
What is the remainder when 1082718 is divided by 377?
351
Calculate the remainder when 1716629 is divided by 1099.
1090
What is the remainder when 256854 is divided by 18337?
136
Calculate the remainder when 11932 is divided by 51.
4